{"id":7,"date":"2016-03-26T16:55:08","date_gmt":"2016-03-26T15:55:08","guid":{"rendered":"http:\/\/www.muzeumbozetice.cz\/?page_id=7"},"modified":"2017-02-24T01:50:04","modified_gmt":"2017-02-24T00:50:04","slug":"expozice-doboveho-bydleni","status":"publish","type":"page","link":"https:\/\/www.muzeumbozetice.cz\/index.php\/expozice-doboveho-bydleni\/","title":{"rendered":"Expozice dobov\u00e9ho bydlen\u00ed"},"content":{"rendered":"<p>Pr\u00e1ce ve ml\u00fdn\u011b zaji\u0161\u0165ovali slu\u017eky, ko\u010d\u00ed a kraj\u00e1nci, kte\u0159\u00ed bydleli v tomto domku. Domek je vybaven dobov\u00fdm n\u00e1bytkem.<\/p>\n<p><a href=\"http:\/\/www.muzeumbozetice.cz\/wp-content\/uploads\/2017\/02\/8s.jpg\" rel=\"attachment wp-att-35\"><img loading=\"lazy\" decoding=\"async\" class=\"alignnone size-medium wp-image-35\" src=\"http:\/\/www.muzeumbozetice.cz\/wp-content\/uploads\/2017\/02\/8s-300x200.jpg\" alt=\"IMG_9986\" width=\"300\" height=\"200\" \/><\/a>\u00a0\u00a0\u00a0\u00a0 <a href=\"http:\/\/www.muzeumbozetice.cz\/wp-content\/uploads\/2017\/02\/9s.jpg\" rel=\"attachment wp-att-32\"><img loading=\"lazy\" decoding=\"async\" class=\"alignnone size-medium wp-image-32\" src=\"http:\/\/www.muzeumbozetice.cz\/wp-content\/uploads\/2017\/02\/9s-300x200.jpg\" alt=\"IMG_9964\" width=\"300\" height=\"200\" \/><\/a><\/p>\n<p><a href=\"http:\/\/www.muzeumbozetice.cz\/wp-content\/uploads\/2017\/02\/10s.jpg\" rel=\"attachment wp-att-33\"><img loading=\"lazy\" decoding=\"async\" class=\"alignnone size-medium wp-image-33\" src=\"http:\/\/www.muzeumbozetice.cz\/wp-content\/uploads\/2017\/02\/10s-300x200.jpg\" alt=\"IMG_9983\" width=\"300\" height=\"200\" \/><\/a> \u00a0 \u00a0 <a href=\"http:\/\/www.muzeumbozetice.cz\/wp-content\/uploads\/2016\/03\/IMG_9985.jpg\" rel=\"attachment wp-att-34\"><img loading=\"lazy\" decoding=\"async\" class=\"alignnone size-medium wp-image-34\" src=\"http:\/\/www.muzeumbozetice.cz\/wp-content\/uploads\/2016\/03\/IMG_9985-300x200.jpg\" alt=\"IMG_9985\" width=\"300\" height=\"200\" srcset=\"https:\/\/www.muzeumbozetice.cz\/wp-content\/uploads\/2016\/03\/IMG_9985-300x200.jpg 300w, https:\/\/www.muzeumbozetice.cz\/wp-content\/uploads\/2016\/03\/IMG_9985-768x512.jpg 768w, https:\/\/www.muzeumbozetice.cz\/wp-content\/uploads\/2016\/03\/IMG_9985-1024x682.jpg 1024w, https:\/\/www.muzeumbozetice.cz\/wp-content\/uploads\/2016\/03\/IMG_9985-225x150.jpg 225w, https:\/\/www.muzeumbozetice.cz\/wp-content\/uploads\/2016\/03\/IMG_9985-150x100.jpg 150w, https:\/\/www.muzeumbozetice.cz\/wp-content\/uploads\/2016\/03\/IMG_9985.jpg 1280w\" sizes=\"auto, (max-width: 300px) 100vw, 300px\" \/><\/a><\/p>\n","protected":false},"excerpt":{"rendered":"<p>Pr\u00e1ce ve ml\u00fdn\u011b zaji\u0161\u0165ovali slu\u017eky, ko\u010d\u00ed a kraj\u00e1nci, kte\u0159\u00ed bydleli v tomto domku. Domek je vybaven dobov\u00fdm n\u00e1bytkem. \u00a0\u00a0\u00a0\u00a0 \u00a0 \u00a0<\/p>\n<p class=\"continue-reading-button\"> <a class=\"continue-reading-link\" href=\"https:\/\/www.muzeumbozetice.cz\/index.php\/expozice-doboveho-bydleni\/\">Continue reading<i class=\"crycon-right-dir\"><\/i><\/a><\/p>\n","protected":false},"author":1,"featured_media":0,"parent":0,"menu_order":2,"comment_status":"closed","ping_status":"closed","template":"","meta":{"footnotes":""},"class_list":["post-7","page","type-page","status-publish","hentry"],"_links":{"self":[{"href":"https:\/\/www.muzeumbozetice.cz\/index.php\/wp-json\/wp\/v2\/pages\/7","targetHints":{"allow":["GET"]}}],"collection":[{"href":"https:\/\/www.muzeumbozetice.cz\/index.php\/wp-json\/wp\/v2\/pages"}],"about":[{"href":"https:\/\/www.muzeumbozetice.cz\/index.php\/wp-json\/wp\/v2\/types\/page"}],"author":[{"embeddable":true,"href":"https:\/\/www.muzeumbozetice.cz\/index.php\/wp-json\/wp\/v2\/users\/1"}],"replies":[{"embeddable":true,"href":"https:\/\/www.muzeumbozetice.cz\/index.php\/wp-json\/wp\/v2\/comments?post=7"}],"version-history":[{"count":8,"href":"https:\/\/www.muzeumbozetice.cz\/index.php\/wp-json\/wp\/v2\/pages\/7\/revisions"}],"predecessor-version":[{"id":165,"href":"https:\/\/www.muzeumbozetice.cz\/index.php\/wp-json\/wp\/v2\/pages\/7\/revisions\/165"}],"wp:attachment":[{"href":"https:\/\/www.muzeumbozetice.cz\/index.php\/wp-json\/wp\/v2\/media?parent=7"}],"curies":[{"name":"wp","href":"https:\/\/api.w.org\/{rel}","templated":true}]}}

Expozice dobového bydlení

<p>Práce ve mlýně zajišťovali služky, kočí a krajánci, kteří bydleli v tomto domku. Domek je vybaven dobovým nábytkem.</p>
<p><a href="http://www.muzeumbozetice.cz/wp-content/uploads/2017/02/8s.jpg" rel="attachment wp-att-35"><img loading="lazy" decoding="async" class="alignnone size-medium wp-image-35" src="http://www.muzeumbozetice.cz/wp-content/uploads/2017/02/8s-300x200.jpg" alt="IMG_9986" width="300" height="200" /></a>     <a href="http://www.muzeumbozetice.cz/wp-content/uploads/2017/02/9s.jpg" rel="attachment wp-att-32"><img loading="lazy" decoding="async" class="alignnone size-medium wp-image-32" src="http://www.muzeumbozetice.cz/wp-content/uploads/2017/02/9s-300x200.jpg" alt="IMG_9964" width="300" height="200" /></a></p>
<p><a href="http://www.muzeumbozetice.cz/wp-content/uploads/2017/02/10s.jpg" rel="attachment wp-att-33"><img loading="lazy" decoding="async" class="alignnone size-medium wp-image-33" src="http://www.muzeumbozetice.cz/wp-content/uploads/2017/02/10s-300x200.jpg" alt="IMG_9983" width="300" height="200" /></a>     <a href="http://www.muzeumbozetice.cz/wp-content/uploads/2016/03/IMG_9985.jpg" rel="attachment wp-att-34"><img loading="lazy" decoding="async" class="alignnone size-medium wp-image-34" src="http://www.muzeumbozetice.cz/wp-content/uploads/2016/03/IMG_9985-300x200.jpg" alt="IMG_9985" width="300" height="200" srcset="https://www.muzeumbozetice.cz/wp-content/uploads/2016/03/IMG_9985-300x200.jpg 300w, https://www.muzeumbozetice.cz/wp-content/uploads/2016/03/IMG_9985-768x512.jpg 768w, https://www.muzeumbozetice.cz/wp-content/uploads/2016/03/IMG_9985-1024x682.jpg 1024w, https://www.muzeumbozetice.cz/wp-content/uploads/2016/03/IMG_9985-225x150.jpg 225w, https://www.muzeumbozetice.cz/wp-content/uploads/2016/03/IMG_9985-150x100.jpg 150w, https://www.muzeumbozetice.cz/wp-content/uploads/2016/03/IMG_9985.jpg 1280w" sizes="auto, (max-width: 300px) 100vw, 300px" /></a></p>

<p>Práce ve mlýně zajišťovali služky, kočí a krajánci, kteří bydleli v tomto domku. Domek je vybaven dobovým nábytkem.         </p>
<p class="continue-reading-button"> <a class="continue-reading-link" href="https://www.muzeumbozetice.cz/index.php/expozice-doboveho-bydleni/">Continue reading<i class="crycon-right-dir"></i></a></p>
