{"id":5,"date":"2016-03-26T16:54:40","date_gmt":"2016-03-26T15:54:40","guid":{"rendered":"http:\/\/www.muzeumbozetice.cz\/?page_id=5"},"modified":"2017-02-24T01:44:23","modified_gmt":"2017-02-24T00:44:23","slug":"expozice-pekarstvi","status":"publish","type":"page","link":"https:\/\/www.muzeumbozetice.cz\/index.php\/expozice-pekarstvi\/","title":{"rendered":"Expozice peka\u0159stv\u00ed"},"content":{"rendered":"<p>Ve ml\u00fdn\u011b se pekl chl\u00e9b a tak\u00e9 \u010depovalo pivo. Zm\u00ednka o pe\u010den\u00ed sah\u00e1 do 19. stolet\u00ed a modernizovan\u00e1 pek\u00e1rna fungovala a\u017e do 70. let minul\u00e9ho stolet\u00ed, kdy bo\u017eetick\u00fd chl\u00e9b byl jedn\u00edm z nejlep\u0161\u00edch v okol\u00ed.<\/p>\n<p><a href=\"http:\/\/www.muzeumbozetice.cz\/wp-content\/uploads\/2017\/02\/5s.jpg\" rel=\"attachment wp-att-43\"><img loading=\"lazy\" decoding=\"async\" class=\"alignnone size-medium wp-image-43\" src=\"http:\/\/www.muzeumbozetice.cz\/wp-content\/uploads\/2017\/02\/5s-300x200.jpg\" alt=\"IMG_9923_800b\" width=\"300\" height=\"200\" \/><\/a>\u00a0\u00a0\u00a0\u00a0 <a href=\"http:\/\/www.muzeumbozetice.cz\/wp-content\/uploads\/2017\/02\/6s.jpg\" rel=\"attachment wp-att-45\"><img loading=\"lazy\" decoding=\"async\" class=\"alignnone size-medium wp-image-45\" src=\"http:\/\/www.muzeumbozetice.cz\/wp-content\/uploads\/2017\/02\/6s-300x200.jpg\" alt=\"IMG_9993_800b\" width=\"300\" height=\"200\" \/><\/a>\u00a0\u00a0\u00a0\u00a0 <a href=\"http:\/\/www.muzeumbozetice.cz\/wp-content\/uploads\/2017\/02\/7s.jpg\" rel=\"attachment wp-att-46\"><img loading=\"lazy\" decoding=\"async\" class=\"alignnone size-thumbnail wp-image-46\" src=\"http:\/\/www.muzeumbozetice.cz\/wp-content\/uploads\/2017\/02\/7s-150x150.jpg\" alt=\"IMG_9996_800b\" width=\"150\" height=\"150\" \/><\/a><\/p>\n","protected":false},"excerpt":{"rendered":"<p>Ve ml\u00fdn\u011b se pekl chl\u00e9b a tak\u00e9 \u010depovalo pivo. Zm\u00ednka o pe\u010den\u00ed sah\u00e1 do 19. stolet\u00ed a modernizovan\u00e1 pek\u00e1rna fungovala a\u017e do 70. let minul\u00e9ho stolet\u00ed, kdy bo\u017eetick\u00fd chl\u00e9b byl jedn\u00edm z nejlep\u0161\u00edch v okol\u00ed. \u00a0\u00a0\u00a0\u00a0 \u00a0\u00a0\u00a0\u00a0<\/p>\n<p class=\"continue-reading-button\"> <a class=\"continue-reading-link\" href=\"https:\/\/www.muzeumbozetice.cz\/index.php\/expozice-pekarstvi\/\">Continue reading<i class=\"crycon-right-dir\"><\/i><\/a><\/p>\n","protected":false},"author":1,"featured_media":0,"parent":0,"menu_order":1,"comment_status":"closed","ping_status":"closed","template":"","meta":{"footnotes":""},"class_list":["post-5","page","type-page","status-publish","hentry"],"_links":{"self":[{"href":"https:\/\/www.muzeumbozetice.cz\/index.php\/wp-json\/wp\/v2\/pages\/5","targetHints":{"allow":["GET"]}}],"collection":[{"href":"https:\/\/www.muzeumbozetice.cz\/index.php\/wp-json\/wp\/v2\/pages"}],"about":[{"href":"https:\/\/www.muzeumbozetice.cz\/index.php\/wp-json\/wp\/v2\/types\/page"}],"author":[{"embeddable":true,"href":"https:\/\/www.muzeumbozetice.cz\/index.php\/wp-json\/wp\/v2\/users\/1"}],"replies":[{"embeddable":true,"href":"https:\/\/www.muzeumbozetice.cz\/index.php\/wp-json\/wp\/v2\/comments?post=5"}],"version-history":[{"count":6,"href":"https:\/\/www.muzeumbozetice.cz\/index.php\/wp-json\/wp\/v2\/pages\/5\/revisions"}],"predecessor-version":[{"id":164,"href":"https:\/\/www.muzeumbozetice.cz\/index.php\/wp-json\/wp\/v2\/pages\/5\/revisions\/164"}],"wp:attachment":[{"href":"https:\/\/www.muzeumbozetice.cz\/index.php\/wp-json\/wp\/v2\/media?parent=5"}],"curies":[{"name":"wp","href":"https:\/\/api.w.org\/{rel}","templated":true}]}}

Expozice pekařství

<p>Ve mlýně se pekl chléb a také čepovalo pivo. Zmínka o pečení sahá do 19. století a modernizovaná pekárna fungovala až do 70. let minulého století, kdy božetický chléb byl jedním z nejlepších v okolí.</p>
<p><a href="http://www.muzeumbozetice.cz/wp-content/uploads/2017/02/5s.jpg" rel="attachment wp-att-43"><img loading="lazy" decoding="async" class="alignnone size-medium wp-image-43" src="http://www.muzeumbozetice.cz/wp-content/uploads/2017/02/5s-300x200.jpg" alt="IMG_9923_800b" width="300" height="200" /></a>     <a href="http://www.muzeumbozetice.cz/wp-content/uploads/2017/02/6s.jpg" rel="attachment wp-att-45"><img loading="lazy" decoding="async" class="alignnone size-medium wp-image-45" src="http://www.muzeumbozetice.cz/wp-content/uploads/2017/02/6s-300x200.jpg" alt="IMG_9993_800b" width="300" height="200" /></a>     <a href="http://www.muzeumbozetice.cz/wp-content/uploads/2017/02/7s.jpg" rel="attachment wp-att-46"><img loading="lazy" decoding="async" class="alignnone size-thumbnail wp-image-46" src="http://www.muzeumbozetice.cz/wp-content/uploads/2017/02/7s-150x150.jpg" alt="IMG_9996_800b" width="150" height="150" /></a></p>

<p>Ve mlýně se pekl chléb a také čepovalo pivo. Zmínka o pečení sahá do 19. století a modernizovaná pekárna fungovala až do 70. let minulého století, kdy božetický chléb byl jedním z nejlepších v okolí.          </p>
<p class="continue-reading-button"> <a class="continue-reading-link" href="https://www.muzeumbozetice.cz/index.php/expozice-pekarstvi/">Continue reading<i class="crycon-right-dir"></i></a></p>
