{"id":2,"date":"2016-03-26T14:56:07","date_gmt":"2016-03-26T13:56:07","guid":{"rendered":"http:\/\/www.muzeumbozetice.cz\/?page_id=2"},"modified":"2017-02-24T01:41:46","modified_gmt":"2017-02-24T00:41:46","slug":"expozice-mlynarstvi","status":"publish","type":"page","link":"https:\/\/www.muzeumbozetice.cz\/index.php\/expozice-mlynarstvi\/","title":{"rendered":"Expozice mlyn\u00e1\u0159stv\u00ed"},"content":{"rendered":"<p><a href=\"http:\/\/www.muzeumbozetice.cz\/wp-content\/uploads\/2017\/02\/3s.jpg\" rel=\"attachment wp-att-39\"><img loading=\"lazy\" decoding=\"async\" class=\"size-thumbnail wp-image-39 alignright\" src=\"http:\/\/www.muzeumbozetice.cz\/wp-content\/uploads\/2017\/02\/3s-150x150.jpg\" alt=\"IMG_9897_400x600b\" width=\"150\" height=\"150\" \/><\/a>Prvn\u00ed zm\u00ednka o ml\u00fdn\u011b v Bo\u017eetic\u00edch poch\u00e1z\u00ed z druh\u00e9 poloviny 16. stolet\u00ed. Do roku 1881 se vyst\u0159\u00eddalo ve ml\u00fdn\u011b n\u011bkolik majitel\u016f a v tomto roce ml\u00fdn koupil V\u00e1clav \u0160erhant.<\/p>\n<p>Na po\u010d\u00e1tku 20. stolet\u00ed v roce 1925 pro\u0161el ml\u00fdn rozs\u00e1hlou modernizac\u00ed, p\u016fvodn\u00ed d\u0159ev\u011bn\u00e9 kolo nahradila turb\u00edna a to v\u0161e za \u017eivota Ferdinanda \u0160erhanta, kdy ml\u00fdn velmi vzkv\u00e9tal.<\/p>\n<p>&nbsp;<\/p>\n<p><a href=\"http:\/\/www.muzeumbozetice.cz\/wp-content\/uploads\/2017\/02\/1s.jpg\" rel=\"attachment wp-att-38\"><img loading=\"lazy\" decoding=\"async\" class=\"alignnone size-medium wp-image-38\" src=\"http:\/\/www.muzeumbozetice.cz\/wp-content\/uploads\/2017\/02\/1s-300x200.jpg\" alt=\"IMG_9886_800b\" width=\"300\" height=\"200\" \/><\/a>\u00a0\u00a0\u00a0\u00a0 <a href=\"http:\/\/www.muzeumbozetice.cz\/wp-content\/uploads\/2017\/02\/2s.jpg\" rel=\"attachment wp-att-41\"><img loading=\"lazy\" decoding=\"async\" class=\"alignnone size-medium wp-image-41\" src=\"http:\/\/www.muzeumbozetice.cz\/wp-content\/uploads\/2017\/02\/2s-300x200.jpg\" alt=\"IMG_9909_800b\" width=\"300\" height=\"200\" \/><\/a><a href=\"http:\/\/www.muzeumbozetice.cz\/wp-content\/uploads\/2017\/02\/4s.jpg\" rel=\"attachment wp-att-44\"><img loading=\"lazy\" decoding=\"async\" class=\"size-thumbnail wp-image-44 alignright\" src=\"http:\/\/www.muzeumbozetice.cz\/wp-content\/uploads\/2017\/02\/4s-150x150.jpg\" alt=\"IMG_9957_800b\" width=\"150\" height=\"150\" \/><\/a><\/p>\n<p>&nbsp;<\/p>\n","protected":false},"excerpt":{"rendered":"<p>Prvn\u00ed zm\u00ednka o ml\u00fdn\u011b v Bo\u017eetic\u00edch poch\u00e1z\u00ed z druh\u00e9 poloviny 16. stolet\u00ed. Do roku 1881 se vyst\u0159\u00eddalo ve ml\u00fdn\u011b n\u011bkolik majitel\u016f a v tomto roce ml\u00fdn koupil V\u00e1clav \u0160erhant. Na po\u010d\u00e1tku 20. stolet\u00ed v roce 1925 pro\u0161el ml\u00fdn rozs\u00e1hlou modernizac\u00ed, p\u016fvodn\u00ed d\u0159ev\u011bn\u00e9 kolo nahradila turb\u00edna a to v\u0161e za \u017eivota\u2026<\/p>\n<p class=\"continue-reading-button\"> <a class=\"continue-reading-link\" href=\"https:\/\/www.muzeumbozetice.cz\/index.php\/expozice-mlynarstvi\/\">Continue reading<i class=\"crycon-right-dir\"><\/i><\/a><\/p>\n","protected":false},"author":1,"featured_media":0,"parent":0,"menu_order":0,"comment_status":"closed","ping_status":"open","template":"","meta":{"footnotes":""},"class_list":["post-2","page","type-page","status-publish","hentry"],"_links":{"self":[{"href":"https:\/\/www.muzeumbozetice.cz\/index.php\/wp-json\/wp\/v2\/pages\/2","targetHints":{"allow":["GET"]}}],"collection":[{"href":"https:\/\/www.muzeumbozetice.cz\/index.php\/wp-json\/wp\/v2\/pages"}],"about":[{"href":"https:\/\/www.muzeumbozetice.cz\/index.php\/wp-json\/wp\/v2\/types\/page"}],"author":[{"embeddable":true,"href":"https:\/\/www.muzeumbozetice.cz\/index.php\/wp-json\/wp\/v2\/users\/1"}],"replies":[{"embeddable":true,"href":"https:\/\/www.muzeumbozetice.cz\/index.php\/wp-json\/wp\/v2\/comments?post=2"}],"version-history":[{"count":46,"href":"https:\/\/www.muzeumbozetice.cz\/index.php\/wp-json\/wp\/v2\/pages\/2\/revisions"}],"predecessor-version":[{"id":163,"href":"https:\/\/www.muzeumbozetice.cz\/index.php\/wp-json\/wp\/v2\/pages\/2\/revisions\/163"}],"wp:attachment":[{"href":"https:\/\/www.muzeumbozetice.cz\/index.php\/wp-json\/wp\/v2\/media?parent=2"}],"curies":[{"name":"wp","href":"https:\/\/api.w.org\/{rel}","templated":true}]}}

Expozice mlynářství

<p><a href="http://www.muzeumbozetice.cz/wp-content/uploads/2017/02/3s.jpg" rel="attachment wp-att-39"><img loading="lazy" decoding="async" class="size-thumbnail wp-image-39 alignright" src="http://www.muzeumbozetice.cz/wp-content/uploads/2017/02/3s-150x150.jpg" alt="IMG_9897_400x600b" width="150" height="150" /></a>První zmínka o mlýně v Božeticích pochází z druhé poloviny 16. století. Do roku 1881 se vystřídalo ve mlýně několik majitelů a v tomto roce mlýn koupil Václav Šerhant.</p>
<p>Na počátku 20. století v roce 1925 prošel mlýn rozsáhlou modernizací, původní dřevěné kolo nahradila turbína a to vše za života Ferdinanda Šerhanta, kdy mlýn velmi vzkvétal.</p>
<p>&nbsp;</p>
<p><a href="http://www.muzeumbozetice.cz/wp-content/uploads/2017/02/1s.jpg" rel="attachment wp-att-38"><img loading="lazy" decoding="async" class="alignnone size-medium wp-image-38" src="http://www.muzeumbozetice.cz/wp-content/uploads/2017/02/1s-300x200.jpg" alt="IMG_9886_800b" width="300" height="200" /></a>     <a href="http://www.muzeumbozetice.cz/wp-content/uploads/2017/02/2s.jpg" rel="attachment wp-att-41"><img loading="lazy" decoding="async" class="alignnone size-medium wp-image-41" src="http://www.muzeumbozetice.cz/wp-content/uploads/2017/02/2s-300x200.jpg" alt="IMG_9909_800b" width="300" height="200" /></a><a href="http://www.muzeumbozetice.cz/wp-content/uploads/2017/02/4s.jpg" rel="attachment wp-att-44"><img loading="lazy" decoding="async" class="size-thumbnail wp-image-44 alignright" src="http://www.muzeumbozetice.cz/wp-content/uploads/2017/02/4s-150x150.jpg" alt="IMG_9957_800b" width="150" height="150" /></a></p>
<p>&nbsp;</p>

<p>První zmínka o mlýně v Božeticích pochází z druhé poloviny 16. století. Do roku 1881 se vystřídalo ve mlýně několik majitelů a v tomto roce mlýn koupil Václav Šerhant. Na počátku 20. století v roce 1925 prošel mlýn rozsáhlou modernizací, původní dřevěné kolo nahradila turbína a to vše za života…</p>
<p class="continue-reading-button"> <a class="continue-reading-link" href="https://www.muzeumbozetice.cz/index.php/expozice-mlynarstvi/">Continue reading<i class="crycon-right-dir"></i></a></p>
